3*p + 3*z + 94 = -2*z, 0 = -4*p - z + 87. Let h = -12 + p. Suppose 0 = 3*d - 1 - 2, -2*a = -4*d - 10. What is the remainder when h is divided by a?
4
Let u = 133 + -28. What is the remainder when u is divided by 6?
3
Suppose h + 28 = 92. Suppose -3*d + 238 = h. What is the remainder when d is divided by 20?
18
Let g(y) = -y**3 - 31*y**2 - 33*y - 75. What is the remainder when 54 is divided by g(-30)?
9
Suppose 18*l - 135 - 135 = 0. What is the remainder when l is divided by 10?
5
Calculate the remainder when (-26217)/9*(4 - (-65)/(-15)) is divided by 65.
61
Calculate the remainder when ((-1394)/(-34))/(1/3) is divided by 65.
58
Suppose 4 + 3 = -2*k + 5*q, -2 = -2*q. Let a(g) = 2*g**2 + 22*g + 72. Let f be a(-4). Let y = f + k. Calculate the remainder when 55 is divided by y.
10
Let i(u) = -u**3 + 15*u**2 + 13*u - 24. Let o be i(16). Let m = 106 + o. Calculate the remainder when m is divided by 12.
10
Let v(d) be the first derivative of 5*d**2/2 - 10*d - 5. Let c be v(4). What is the remainder when 9 is divided by ((-6)/(-4))/(3/c)?
4
Let m(d) = -27*d - 170. Calculate the remainder when m(-11) is divided by 62.
3
Let r(f) = f**3 + 7*f**2 + 2*f - 4. Let q = 10 + 2. What is the remainder when r(-5) is divided by q?
0
Suppose -35 = -2*v + i + 52, -v + 41 = -3*i. Let m = v - 40. Suppose 0 = -4*z - s + 17, z - 4*s = -2*s + 11. What is the remainder when z is divided by m?
1
Let n(j) = 3*j**2 - 81*j + 129. What is the remainder when n(31) is divided by 18?
15
What is the remainder when (-1 - (-4)/12)*(-882)/12 is divided by 15?
4
Let z(p) = 5*p + 2. What is the remainder when z(3) is divided by ((-12)/(-5))/((-104)/(-390))?
8
Let c(q) = q + 107. What is the remainder when c(5) is divided by 111?
1
Let d = -9 + 18. Let i = -8 + d. Suppose -i = w - 8. What is the remainder when 26 is divided by w?
5
Suppose 28*f - 17*f - 11 = 0. Calculate the remainder when 9 is divided by f.
0
Let v = 558 + -479. What is the remainder when v is divided by 30?
19
Suppose 2*i - 6*i - 4*g - 24 = 0, -5*i - 22 = g. Let t(z) = -z**3 + z**2 + 10*z - 9. Let d be t(3). What is the remainder when (d - 48/i)*5 is divided by 19?
18
What is the remainder when (7 - -111) + (-2 - -7) is divided by 33?
24
Let o = -1 + 1. Suppose 3*z - 4 = 5*h + 4, -5*z + 5*h + 10 = o. Suppose 0 = -g + z + 1. Calculate the remainder when 6 is divided by g.
0
What is the remainder when 2*(0 - 9/(-2)) is divided by 6?
3
Suppose -22 = -4*r + 3*h + 15, r - 9 = h. Let i(c) = -c + 16. Let o = 40 + -29. Calculate the remainder when o is divided by i(r).
5
Let b = -10 + 26. Let x = b + -11. Let n = 16 - x. Calculate the remainder when n is divided by 7.
4
Let k(t) = t**3 - 7*t**2 + 12*t - 33. Calculate the remainder when k(7) is divided by 11.
7
Let i(b) = b**2 + 3*b - 2*b + 0 - 3*b - 1. What is the remainder when 42 is divided by i(-4)?
19
Let c(f) = f + 5. Let v = -35 - -11. What is the remainder when c(16) is divided by (v/(-10))/(4/20)?
9
Let c = 14 - -168. Suppose -3*j - c = 2*b - 454, -5*j + 453 = 3*b. Calculate the remainder when j is divided by -1 + (-6 + 2 - -28).
21
Suppose -8*n = -275 - 77. Calculate the remainder when 259 is divided by n.
39
Let v(s) = 2*s**2 - 35*s + 2. What is the remainder when 36 is divided by v(18)?
16
Suppose 5*s - 3*k = s - 6, -4*s + 10 = 5*k. Let q be 0/(-1 + s + 0). Let u(h) = h**3 + h**2 + h + 8. What is the remainder when 30 is divided by u(q)?
6
Let a(q) = q + 15. Let i be 4/8*1*6. Suppose 4*c - 25 = 3*s + 2, -17 = -i*c - s. What is the remainder when c is divided by a(-12)?
0
Suppose -5*o = 2*k - 2*o + 27, -2*o - 26 = 2*k. Let m(w) = -w + 1 - 1. Calculate the remainder when 35 is divided by m(k).
11
Suppose 37*m - 38*m = -43. Let c = m - 42. What is the remainder when 1 is divided by c?
0
Suppose 6*x = 5*c + 10*x - 369, -4*c - x = -304. What is the remainder when c is divided by 35?
7
Suppose 2*t + 4*d - 4 = -2, 5*t + 22 = -d. What is the remainder when (-4)/(-14) - (-7028)/98 is divided by t/2*2*-5?
22
Suppose 3*t - 5*w = 7*t - 954, 4*t - 970 = 3*w. What is the remainder when t is divided by 64?
49
Calculate the remainder when 301 + (-17 - (10 + -18)) is divided by 6.
4
Suppose 10*m + 76 - 846 = 0. What is the remainder when m is divided by 40?
37
Suppose 5 - 3 = -w, 0 = 4*g - 4*w. Calculate the remainder when -3*(-10)/(g + (-8)/(-3)) is divided by 13.
6
Suppose -2*b = -0 - 192. Calculate the remainder when 9 is divided by ((-6)/(-4))/(36/b).
1
Suppose 5*j - 5*s + 46 + 59 = 0, -4*j - 2*s - 84 = 0. Let b = -13 - j. What is the remainder when (1 + -3)/((-40)/460) is divided by b?
7
Let p(m) be the first derivative of m**4/4 + 7*m**3/3 - m**2 - 2*m + 7. Let d be p(-3). Suppose -d = 4*x - 288. Calculate the remainder when x is divided by 13.
10
Let q(n) = -5*n + 9. Let p be q(13). Let z = -52 - p. Calculate the remainder when 18 is divided by z.
2
Let y(q) = -q**3 + 4*q**2 + q + 3. Let b be (42 + -2)*1*-1. What is the remainder when y(-3) is divided by 2 - 1 - (9 + b)?
31
Suppose 5*g = t + 20, -3*g = -t - 3*t + 5. Suppose 3*o + 3*j = -j + 52, 4*j - 76 = -t*o. Let a = 12 - 7. Calculate the remainder when o is divided by a.
2
Let r be -2 + -11 - 2/(-1). Let a = 16 + r. Suppose -66 = -a*f + 3*f. What is the remainder when f is divided by 18?
15
Suppose 2*w - b - 40 - 10 = 0, -2*b + 125 = 5*w. Suppose 0 = 3*t - 1 - 20. What is the remainder when w is divided by t?
4
Suppose 4*w - 41 = 2*z + 49, 0 = 3*w + 2*z - 78. What is the remainder when 41 is divided by w?
17
Let z = -51 + 47. What is the remainder when 3 is divided by -2 - 2/z*10?
0
Let x(b) = b**3 - 4*b + 3. Let i(d) = d - 4 + 2 + 2*d + 5*d**2 - 2*d. Calculate the remainder when i(1) is divided by x(2).
1
Suppose 2*q - 2*j = 8 + 12, -4*q + 39 = -3*j. What is the remainder when 23 is divided by q?
5
Let g(b) = b + 10. Let v be (-1 + -2)/(-17 + 18). Let a be g(v). Suppose 3*j = a*j - 72. What is the remainder when 89 is divided by j?
17
Let u(l) = l**2 + 18*l + 140. What is the remainder when 98 is divided by u(-15)?
3
Let x be (44/(-6) - -7)*18. Let a(s) = 5 - s + 0*s + 0*s. Calculate the remainder when 20 is divided by a(x).
9
Suppose 1003 = 4*o - 5*m, -o + 3*m + 81 = -161. Calculate the remainder when o is divided by 52.
49
Suppose 19 = 2*l + 13. Suppose p - 28 = -l. Calculate the remainder when p is divided by 7.
4
Suppose -4*c + 11 = -25. Suppose 7*r = c*r - 174. Calculate the remainder when r is divided by 22.
21
Suppose 2*j = 4*g - 323 + 15, -59 = -g + 5*j. Suppose -21 = -2*q - 5. Calculate the remainder when g is divided by q.
7
Let o(i) = 6*i**2 + 2*i + 8. What is the remainder when 615 is divided by o(-2)?
27
Let x(w) = w**2 + 17*w + 25. Let z be x(-19). Let q = z - 37. What is the remainder when q is divided by 10?
6
Let j(r) = -r**2 + 4*r + 12. Let s be j(7). Let k = 45 + s. Calculate the remainder when k is divided by 19.
17
Let a(y) = -y**3 + 6*y**2 + 4*y - 13. Let t be ((-15)/(-5) - 3) + 6. What is the remainder when a(t) is divided by 7?
4
Let l = -506 - -511. Suppose -163 + 53 = -c. Suppose -45 - c = -l*m. What is the remainder when m is divided by 17?
14
Suppose -15*a = 1243 - 1933. Calculate the remainder when 2297 is divided by a.
43
Let n = 197 + -185. What is the remainder when 287 is divided by n?
11
Suppose 2*m - z = 257, 0 = 23*m - 24*m + 5*z + 142. Calculate the remainder when m is divided by 38.
13
Suppose -j + 4 - 23 = -f, 0 = -f - 2*j + 10. Let l = -146 + 149. What is the remainder when (-3)/l*(-240)/4 is divided by f?
12
Suppose -7*i + 219 = -19. Suppose 4*d = i + 42. Suppose -r - 72 = -2*r. Calculate the remainder when r is divided by d.
15
Let s(n) = 2*n**2 - 6*n - 139. What is the remainder when s(13) is divided by 43?
35
Let k(q) = q**3 - 13*q**2 + 12*q + 5. Let m be 3/9*(0 + 6). Suppose 0 = f + f - 4*h - m, 0 = 2*f + 5*h - 38. Calculate the remainder when f is divided by k(12).
4
Suppose -360 = -5*j + 2*v + 3*v, 4*j - 5*v - 290 = 0. Let t = 98 - j. Calculate the remainder when t is divided by 8.
4
Let w(v) = 2*v + 50. Suppose -60 + 2 = 2*b. Let g = -20 - b. Calculate the remainder when g is divided by w(-22).
3
Let j(c) = 8*c**2 + 104*c + 436. What is the remainder when j(-4) is divided by 36?
4
Let u = 542 - 469. What is the remainder when u is divided by 27?
19
Suppose 0 = -h - 0